08.
385
Calculate the remainder when 90579 is divided by 62.
59
Calculate the remainder when 1162422 is divided by 25.
22
Calculate the remainder when 9842 is divided by 377.
40
What is the remainder when 122337 is divided by 198?
171
Calculate the remainder when 3849 is divided by 274.
13
What is the remainder when 4180 is divided by 537?
421
What is the remainder when 105026 is divided by 28?
26
What is the remainder when 10943 is divided by 421?
418
Calculate the remainder when 211 is divided by 58.
37
What is the remainder when 3853 is divided by 99?
91
Calculate the remainder when 15480 is divided by 176.
168
What is the remainder when 4699 is divided by 75?
49
What is the remainder when 3446 is divided by 383?
382
What is the remainder when 12827 is divided by 6411?
5
What is the remainder when 63908 is divided by 24?
20
Calculate the remainder when 7414 is divided by 1229.
40
What is the remainder when 3012 is divided by 740?
52
What is the remainder when 26763 is divided by 525?
513
Calculate the remainder when 2185 is divided by 197.
18
Calculate the remainder when 13045 is divided by 6510.
25
Calculate the remainder when 602 is divided by 55.
52
Calculate the remainder when 6564 is divided by 2135.
159
What is the remainder when 25409 is divided by 18?
11
Calculate the remainder when 20506 is divided by 1708.
10
What is the remainder when 71778 is divided by 185?
183
Calculate the remainder when 1116 is divided by 233.
184
Calculate the remainder when 776 is divided by 42.
20
What is the remainder when 622 is divided by 5?
2
What is the remainder when 1240195 is divided by 90?
85
What is the remainder when 509999 is divided by 255?
254
Calculate the remainder when 60152 is divided by 6.
2
What is the remainder when 936 is divided by 390?
156
Calculate the remainder when 29436 is divided by 65.
56
Calculate the remainder when 1397 is divided by 16.
5
Calculate the remainder when 67988 is divided by 131.
130
What is the remainder when 4204 is divided by 1144?
772
What is the remainder when 5091 is divided by 619?
139
Calculate the remainder when 516290 is divided by 808.
786
What is the remainder when 18271 is divided by 507?
19
Calculate the remainder when 49489 is divided by 35.
34
What is the remainder when 19105 is divided by 2016?
961
What is the remainder when 24534 is divided by 179?
11
What is the remainder when 35762 is divided by 53?
40
What is the remainder when 5871 is divided by 18?
3
Calculate the remainder when 6015 is divided by 402.
387
What is the remainder when 26114 is divided by 227?
9
Calculate the remainder when 78471 is divided by 23.
18
What is the remainder when 14968 is divided by 3?
1
Calculate the remainder when 19418 is divided by 23.
6
Calculate the remainder when 26855 is divided by 1074.
5
What is the remainder when 14561 is divided by 292?
253
Calculate the remainder when 13381 is divided by 2165.
391
Calculate the remainder when 197021 is divided by 925.
921
What is the remainder when 4598 is divided by 1529?
11
Calculate the remainder when 13943 is divided by 40.
23
What is the remainder when 54774 is divided by 31?
28
What is the remainder when 667 is divided by 76?
59
Calculate the remainder when 21889 is divided by 11.
10
Calculate the remainder when 1526 is divided by 192.
182
What is the remainder when 813359 is divided by 60?
59
What is the remainder when 3064188 is divided by 1494?
1488
Calculate the remainder when 33872 is divided by 40.
32
What is the remainder when 9607 is divided by 1594?
43
What is the remainder when 536018 is divided by 267993?
32
What is the remainder when 57232 is divided by 37?
30
What is the remainder when 6561 is divided by 3068?
425
Calculate the remainder when 1226295 is divided by 186.
183
What is the remainder when 15085 is divided by 3017?
0
Calculate the remainder when 1239 is divided by 119.
49
What is the remainder when 1257 is divided by 563?
131
What is the remainder when 282368 is divided by 755?
753
Calculate the remainder when 3172 is divided by 93.
10
What is the remainder when 1566 is divided by 522?
0
Calculate the remainder when 1805438 is divided by 224.
222
What is the remainder when 19804 is divided by 347?
25
What is the remainder when 2003 is divided by 66?
23
What is the remainder when 1719479 is divided by 920?
919
What is the remainder when 39637 is divided by 166?
129
Calculate the remainder when 1872 is divided by 928.
16
Calculate the remainder when 8396 is divided by 1272.
764
What is the remainder when 90419 is divided by 47?
38
What is the remainder when 9281 is divided by 349?
207
Calculate the remainder when 6812 is divided by 678.
32
What is the remainder when 309253 is divided by 8590?
13
Calculate the remainder when 11116 is divided by 396.
28
Calculate the remainder when 5812 is divided by 167.
134
What is the remainder when 93950 is divided by 385?
10
Calculate the remainder when 152876 is divided by 389.
388
What is the remainder when 47604 is divided by 69?
63
Calculate the remainder when 175451 is divided by 3440.
11
What is the remainder when 39570 is divided by 13179?
33
What is the remainder when 295642 is divided by 122?
36
Calculate the remainder when 152051 is divided by 76021.
9
What is the remainder when 68466 is divided by 18?
12
Calculate the remainder when 1368336 is divided by 67.
62
Calculate the remainder when 474 is divided by 23.
14
Calculate the remainder when 279 is divided by 72.
63
What is the remainder when 13508 is divided by 122?
88
What is the remainder when 1338 is divided by 515?
308
Calculate the remainder when 28377 is divided by 11.
8
Calculate the remainder when 71252 is divided by 117.
116
Calculate the remainder when 9686 is divided by 140.
26
Calculate the remainder when 7798 is divided by 846.
184
Calculate the remainder when 2002 is divided by 413.
350
What is the remainder when 4103 is divided by 27?
26
What is the remainder when 4577 is divided by 2278?
21
What is the remainder when 4237 is divided by 204?
157
What is the remainder when 47546 is divided by 27?
26
Calculate the remainder when 4584 is divided by 74.
70
Calculate the remainder when 17763 is divided by 224.
67
Calculate the remainder when 68030 is divided by 64.
62
What is the remainder when 281567 is divided by 48?
47
Calculate the remainder when 4114 is divided by 2002.
110
Calculate the remainder when 50267 is divided by 3590.
7
Calculate the remainder when 3511 is divided by 126.
109
Calculate the remainder when 190521 is divided by 916.
909
What is the remainder when 3600 is divided by 381?
171
Calculate the remainder when 507 is divided by 125.
7
What is the remainder when 3801 is divided by 294?
273
What is the remainder when 587 is divided by 73?
3
Calculate the remainder when 538268 is divided by 38.
36
Calculate the remainder when 9095 is divided by 1779.
200
Calculate the remainder when 978 is divided by 451.
76
Calculate the remainder when 5772 is divided by 127.
57
Calculate the remainder when 15535 is divided by 515.
85
What is the remainder when 5829 is divided by 468?
213
What is the remainder when 63874 is divided by 6?
4
Calculate the remainder when 4713 is divided by 999.
717
Calculate the remainder when 3560 is divided by 20.
0
Calculate the remainder when 45838 is divided by 459.
397
What is the remainder when 996429 is divided by 38?
31
What is the remainder when 3338 is divided by 1668?
2
Calculate the remainder when 551274 is divided by 466.
462
What is the remainder when 26757 is divided by 211?
171
What is the remainder when 45814 is divided by 385?
384
What is the remainder when 210286 is divided by 40?
6
What is the remainder when 141768 is divided by 278?
266
Calculate the remainder when 344 is divided by 8.
0
What is the remainder when 9961 is divided by 172?
157
What is the remainder when 6254 is divided by 1723?
1085
Calculate the remainder when 125002 is divided by 2551.
3
What is the remainder when 109644 is divided by 67?
32
What is the remainder when 4918 is divided by 2458?
2
Calculate the remainder when 1086 is divided by 17.
15
What is the remainder when 15336 is divided by 2534?
132
What is the remainder when 2523 is divided by 1100?
323
Calculate the remainder when 4494 is divided 